late the remainder when 563325 is divided by 48.
45
Calculate the remainder when 856 is divided by 303.
250
What is the remainder when 26840 is divided by 12962?
916
What is the remainder when 19321 is divided by 36?
25
What is the remainder when 1811 is divided by 447?
23
Calculate the remainder when 2521 is divided by 1227.
67
What is the remainder when 7593 is divided by 2479?
156
What is the remainder when 2996 is divided by 45?
26
Calculate the remainder when 26935 is divided by 281.
240
What is the remainder when 18335 is divided by 9158?
19
What is the remainder when 10702 is divided by 236?
82
Calculate the remainder when 1629 is divided by 744.
141
What is the remainder when 12819 is divided by 557?
8
Calculate the remainder when 1068 is divided by 123.
84
Calculate the remainder when 7897 is divided by 3937.
23
Calculate the remainder when 6644 is divided by 715.
209
What is the remainder when 30382 is divided by 1167?
40
What is the remainder when 92464 is divided by 428?
16
Calculate the remainder when 23978 is divided by 11916.
146
What is the remainder when 1198 is divided by 504?
190
What is the remainder when 25420 is divided by 940?
40
What is the remainder when 1424 is divided by 178?
0
Calculate the remainder when 1368710 is divided by 24.
14
Calculate the remainder when 38075 is divided by 9518.
3
Calculate the remainder when 52699 is divided by 6.
1
What is the remainder when 48550 is divided by 899?
4
What is the remainder when 24714 is divided by 24709?
5
Calculate the remainder when 25322 is divided by 112.
10
What is the remainder when 32238 is divided by 89?
20
What is the remainder when 32397 is divided by 118?
65
Calculate the remainder when 7700 is divided by 7428.
272
Calculate the remainder when 87677 is divided by 14611.
11
What is the remainder when 4475 is divided by 997?
487
Calculate the remainder when 18208 is divided by 8136.
1936
Calculate the remainder when 5732 is divided by 6.
2
What is the remainder when 36556 is divided by 6071?
130
Calculate the remainder when 8400 is divided by 115.
5
Calculate the remainder when 67492 is divided by 7493.
55
What is the remainder when 295789 is divided by 8?
5
Calculate the remainder when 2391 is divided by 80.
71
Calculate the remainder when 121234 is divided by 7576.
18
Calculate the remainder when 5184 is divided by 1694.
102
What is the remainder when 21484 is divided by 2385?
19
What is the remainder when 4752 is divided by 82?
78
Calculate the remainder when 240095 is divided by 240083.
12
Calculate the remainder when 15192 is divided by 271.
16
What is the remainder when 5116 is divided by 35?
6
What is the remainder when 64458 is divided by 16?
10
Calculate the remainder when 25654 is divided by 2762.
796
Calculate the remainder when 1597182 is divided by 319436.
2
What is the remainder when 2121 is divided by 132?
9
What is the remainder when 4039916 is divided by 360?
356
What is the remainder when 82526 is divided by 90?
86
What is the remainder when 4626 is divided by 132?
6
Calculate the remainder when 221096 is divided by 13.
5
Calculate the remainder when 4054 is divided by 1842.
370
Calculate the remainder when 20903 is divided by 722.
687
Calculate the remainder when 287265 is divided by 531.
525
Calculate the remainder when 44345 is divided by 620.
325
What is the remainder when 22330 is divided by 4?
2
What is the remainder when 6574 is divided by 1623?
82
Calculate the remainder when 30570 is divided by 30563.
7
What is the remainder when 9055 is divided by 207?
154
What is the remainder when 543 is divided by 272?
271
What is the remainder when 9150 is divided by 1774?
280
Calculate the remainder when 1491 is divided by 406.
273
Calculate the remainder when 1139 is divided by 586.
553
What is the remainder when 1830 is divided by 709?
412
What is the remainder when 89818 is divided by 349?
125
What is the remainder when 15837 is divided by 1201?
224
What is the remainder when 2322 is divided by 394?
352
What is the remainder when 1254 is divided by 160?
134
Calculate the remainder when 7577 is divided by 161.
10
What is the remainder when 37027 is divided by 1058?
1055
Calculate the remainder when 8041 is divided by 260.
241
Calculate the remainder when 276799 is divided by 158.
141
What is the remainder when 41742 is divided by 444?
6
What is the remainder when 2416 is divided by 401?
10
What is the remainder when 16366 is divided by 546?
532
What is the remainder when 10942 is divided by 39?
22
What is the remainder when 6275 is divided by 59?
21
Calculate the remainder when 3366 is divided by 1090.
96
What is the remainder when 18244 is divided by 21?
16
Calculate the remainder when 158145 is divided by 63.
15
What is the remainder when 320339 is divided by 70?
19
Calculate the remainder when 58363 is divided by 187.
19
Calculate the remainder when 18543 is divided by 2313.
39
What is the remainder when 18186 is divided by 17?
13
Calculate the remainder when 1199170 is divided by 25.
20
Calculate the remainder when 414939 is divided by 8.
3
What is the remainder when 87673 is divided by 78?
1
What is the remainder when 44018 is divided by 524?
2
What is the remainder when 44383 is divided by 11090?
23
Calculate the remainder when 71938 is divided by 165.
163
What is the remainder when 2709 is divided by 119?
91
Calculate the remainder when 12753 is divided by 133.
118
Calculate the remainder when 3165 is divided by 768.
93
What is the remainder when 18383 is divided by 6126?
5
Calculate the remainder when 92471 is divided by 87.
77
What is the remainder when 7132 is divided by 119?
111
Calculate the remainder when 4199 is divided by 356.
283
Calculate the remainder when 30870 is divided by 4407.
21
What is the remainder when 54999 is divided by 440?
439
Calculate the remainder when 3277 is divided by 213.
82
What is the remainder when 51505 is divided by 548?
541
What is the remainder when 1760828 is divided by 31?
28
Calculate the remainder when 817523 is divided by 53.
51
What is the remainder when 3620 is divided by 644?
400
Calculate the remainder when 16646 is divided by 183.
176
Calculate the remainder when 8342 is divided by 4168.
6
What is the remainder when 6569 is divided by 115?
14
Calculate the remainder when 295116 is divided by 199.
198
Calculate the remainder when 2454 is divided by 27.
24
Calculate the remainder when 1302 is divided by 186.
0
What is the remainder when 13830 is divided by 554?
534
What is the remainder when 2883 is divided by 1289?
305
Calculate the remainder when 5928 is divided by 650.
78
What is the remainder when 3055 is divided by 200?
55
Calculate the remainder when 8513 is divided by 416.
193
What is the remainder when 4126 is divided by 109?
93
Calculate the remainder when 333959 is divided by 132.
131
What is the remainder when 101861 is divided by 56?
53
What is the remainder when 131571 is divided by 32887?
23
Calculate the remainder when 247162 is divided by 1516.
54
What is the remainder when 92962 is divided by 91?
51
What is the remainder when 753285 is divided by 157?
156
Calculate the remainder when 1663 is divided by 241.
217
Calculate the remainder when 125334 is divided by 3686.
10
What is the remainder when 3745 is divided by 201?
127
Calculate the remainder when 153617 is divided by 543.
491
What is the remainder when 66164 is divided by 11024?
20
Calculate the remainder when 193221 is divided by 96561.
99
Calculate the remainder when 84 is divided by 66.
18
Calculate the remainder when 166816 is divided by 1218.
1168
What is the remainder when 765997 is divided by 154?
1
What is the remainder when 16055 is divided by 764?
11
What is the remainder when 4050 is divided by 394?
110
What is the remainder when 489327 is divided by 50?
27
Calculate the remainder when 108416 is divided by 40.
16
What is the remainder when 23850 is divided by 95?
5
Calculate the remainder when 8574 is divided by 168.
6
Calculate the remainder when 10011 is divided by 2462.
163
What is the remainder when 3427 is divided by 519?
313
What is the remainder when 5253 is divided by 521?
43
Calculate the remainder when 259964 is divided by 12998.
4
Calculate the remainder when 386919 is divided by 12897.
9
What i